{"id":309,"date":"2022-02-02T14:48:57","date_gmt":"2022-02-02T13:48:57","guid":{"rendered":"https:\/\/www.medinow.it\/?page_id=309"},"modified":"2022-10-05T11:29:59","modified_gmt":"2022-10-05T09:29:59","slug":"cosa-ti-offre-medinow","status":"publish","type":"page","link":"https:\/\/www.medinow.it\/?page_id=309","title":{"rendered":"COSA TI OFFRE MEDINOW?"},"content":{"rendered":"\n<p><\/p>\n\n\n\n<div class=\"wp-block-kioken-rowlayout alignnone bust-out-none custom-topmargin ext-max-width\" style=\"max-width:1200px;margin-top:-180px\"><div id=\"kt-layout-id_7ddd99-33\" class=\"kio-row-layout-inner kt-row-has-bg kt-layout-id_7ddd99-33\" style=\"background-color:rgba(207, 182, 116, 0.01)\"><div class=\"kt-row-column-wrap kt-has-2-columns kt-gutter-default kt-row-valign-top kio-row-layout-equal kt-tab-layout-inherit kt-m-colapse-left-to-right kt-mobile-layout-row\">\n<div class=\"wp-block-kioken-column inner-column-1 kioken-column_4c524d-3b\"><div class=\"kt-inside-inner-col\" style=\"background-blend-mode:normal\"><div>\n<figure class=\"wp-block-image size-large is-resized\"><img loading=\"lazy\" decoding=\"async\" src=\"https:\/\/www.medinow.it\/wp-content\/uploads\/2022\/02\/logo_medinow_ridim2-1024x142.png\" alt=\"\" class=\"wp-image-534\" width=\"1197\" height=\"166\" srcset=\"https:\/\/www.medinow.it\/wp-content\/uploads\/2022\/02\/logo_medinow_ridim2-1024x142.png 1024w, https:\/\/www.medinow.it\/wp-content\/uploads\/2022\/02\/logo_medinow_ridim2-300x42.png 300w, https:\/\/www.medinow.it\/wp-content\/uploads\/2022\/02\/logo_medinow_ridim2-768x106.png 768w, https:\/\/www.medinow.it\/wp-content\/uploads\/2022\/02\/logo_medinow_ridim2-1536x213.png 1536w, https:\/\/www.medinow.it\/wp-content\/uploads\/2022\/02\/logo_medinow_ridim2-2048x284.png 2048w, https:\/\/www.medinow.it\/wp-content\/uploads\/2022\/02\/logo_medinow_ridim2-1568x217.png 1568w\" sizes=\"auto, (max-width: 1197px) 100vw, 1197px\" \/><\/figure>\n<\/div><\/div><\/div>\n<\/div><\/div><\/div>\n\n\n\n<div class=\"wp-block-kioken-rowlayout alignwide bust-out-none custom-topmargin ext-max-width\" style=\"max-width:1200px;margin-top:-56px\"><div id=\"kt-layout-id_e261d5-9f\" class=\"kio-row-layout-inner  kt-layout-id_e261d5-9f\"><div class=\"kt-row-column-wrap kt-has-2-columns kt-gutter-none kt-row-valign-middle kio-row-layout-right-golden kt-tab-layout-inherit kt-m-colapse-left-to-right kt-mobile-layout-row kt-custom-first-width-50\">\n<div class=\"wp-block-kioken-column inner-column-1 kioken-column_dd5130-ac\"><div class=\"kt-inside-inner-col\" style=\"background-blend-mode:normal\"><div>\n<div class=\"wp-block-kioken-rowlayout alignnone bust-out-none\"><div id=\"kt-layout-id_535e4e-88\" class=\"kio-row-layout-inner  kt-layout-id_535e4e-88\"><div class=\"kt-row-column-wrap kt-has-2-columns kt-gutter-default kt-row-valign-top kio-row-layout-equal kt-tab-layout-inherit kt-m-colapse-left-to-right kt-mobile-layout-row kt-custom-first-width-50\">\n<div class=\"wp-block-kioken-column inner-column-1 kioken-column_359bb9-55\"><div class=\"kt-inside-inner-col has-border-radii\" style=\"background-blend-mode:normal\"><div>\n<figure class=\"wp-block-image size-full custom-bottommargin kioken-border-radii\" style=\"margin-bottom:30px;border-radius:32px\"><img loading=\"lazy\" decoding=\"async\" width=\"466\" height=\"564\" src=\"https:\/\/www.medinow.it\/wp-content\/uploads\/2022\/02\/telefona3.png\" alt=\"\" class=\"wp-image-624\" srcset=\"https:\/\/www.medinow.it\/wp-content\/uploads\/2022\/02\/telefona3.png 466w, https:\/\/www.medinow.it\/wp-content\/uploads\/2022\/02\/telefona3-248x300.png 248w\" sizes=\"auto, (max-width: 466px) 100vw, 466px\" \/><\/figure>\n\n\n\n<figure class=\"wp-block-image size-full kioken-border-radii\" style=\"border-radius:23px\"><img loading=\"lazy\" decoding=\"async\" width=\"468\" height=\"567\" src=\"https:\/\/www.medinow.it\/wp-content\/uploads\/2022\/02\/prenota_subito3.png\" alt=\"\" class=\"wp-image-629\" srcset=\"https:\/\/www.medinow.it\/wp-content\/uploads\/2022\/02\/prenota_subito3.png 468w, https:\/\/www.medinow.it\/wp-content\/uploads\/2022\/02\/prenota_subito3-248x300.png 248w\" sizes=\"auto, (max-width: 468px) 100vw, 468px\" \/><\/figure>\n<\/div><\/div><\/div>\n\n\n\n<div class=\"wp-block-kioken-column inner-column-2 kioken-column_60e1e1-f8\"><div class=\"kt-inside-inner-col\" style=\"background-blend-mode:normal\"><div>\n<div class=\"wp-block-image custom-bottommargin kioken-border-radii\" style=\"margin-bottom:30px;border-radius:34px\"><figure class=\"aligncenter size-full\"><img loading=\"lazy\" decoding=\"async\" width=\"468\" height=\"567\" src=\"https:\/\/www.medinow.it\/wp-content\/uploads\/2022\/02\/senza_attese3.png\" alt=\"\" class=\"wp-image-626\" srcset=\"https:\/\/www.medinow.it\/wp-content\/uploads\/2022\/02\/senza_attese3.png 468w, https:\/\/www.medinow.it\/wp-content\/uploads\/2022\/02\/senza_attese3-248x300.png 248w\" sizes=\"auto, (max-width: 468px) 100vw, 468px\" \/><\/figure><\/div>\n<\/div><\/div><\/div>\n<\/div><\/div><\/div>\n<\/div><\/div><\/div>\n\n\n\n<div class=\"wp-block-kioken-column inner-column-2 kioken-column_cf27e4-8f\" style=\"background-color:rgba(0, 0, 0, 0.52)\"><div class=\"kt-inside-inner-col has-border has-border-radii has-background align-self-right has-text-color\" style=\"color:#FFFFFF;background-blend-mode:normal;background-color:rgba(0, 0, 0, 0.52)\"><div>\n<p class=\"has-custom-size has-custom-font\" style=\"font-family:Roboto;font-size:19px\"><strong>MediNow<\/strong>&nbsp;\u00e8 il servizio che ti permette di prenotare visite mediche, analisi cliniche ed esami diagnostici, nelle strutture sanitarie di&nbsp;Torino,&nbsp;Milano&nbsp;e&nbsp;Roma. Basta telefonare al nostro numero&nbsp;<strong>030.80.90<\/strong>&nbsp;e un operatore cercher\u00e0 la prestazione sanitaria nella struttura pi\u00f9 vicina alla tua abitazione e con la disponibilit\u00e0 pi\u00f9 immediata. Quindi non dovrai pi\u00f9 chiamare i centri sanitari privati, magari aspettando ore al telefono e poi non riuscire a prenotare. Noi con <strong>MediNow<\/strong> lo facciamo per te!<\/p>\n<\/div><\/div><\/div>\n<\/div><\/div><\/div>\n\n\n\n<div class=\"wp-block-kioken-rowlayout alignnone bust-out-none custom-topmargin ext-max-width\" style=\"max-width:1200px;margin-top:-15px\"><div id=\"kt-layout-id_0db459-f7\" class=\"kio-row-layout-inner kt-row-has-bg has-border has-border-radii kt-layout-id_0db459-f7\" style=\"background-color:rgba(0, 0, 0, 0.49)\"><div class=\"kt-row-column-wrap kt-has-2-columns kt-gutter-default kt-row-valign-top kio-row-layout-left-golden kt-tab-layout-inherit kt-m-colapse-left-to-right kt-mobile-layout-row\">\n<div class=\"wp-block-kioken-column inner-column-1 kioken-column_7b285b-5c has-custom-font has-custom-weight\" style=\"font-family:Roboto;font-weight:500\"><div class=\"kt-inside-inner-col\" style=\"background-blend-mode:normal\"><div>\n<div style=\"height:46px\" aria-hidden=\"true\" class=\"wp-block-spacer\"><\/div>\n\n\n\n<h2 class=\"alignfull has-text-align-center has-background-color has-text-color has-custom-size has-custom-font has-custom-weight has-custom-lineheight has-custom-letterspacing wp-block-heading\" id=\"se-sei-di-torino-roma-o-milano-prova-il-nostro-servizio\" style=\"line-height:1.3;font-family:Roboto;font-weight:bold;letter-spacing:-0.4px;font-size:42px\">Se sei di Torino, Roma o Milano? Prova il nostro servizio!<\/h2>\n<\/div><\/div><\/div>\n\n\n\n<div class=\"wp-block-kioken-column inner-column-2 kioken-column_596323-2c kioken-d-sm-none\"><div class=\"kt-inside-inner-col\" style=\"background-blend-mode:normal\"><div>\n<a href=\"tel:+390308090\"><img decoding=\"async\" src=\"https:\/\/www.medinow.it\/wp-content\/uploads\/2022\/01\/bottone_trasp_200x196-1.png\"><\/a>\n<\/div><\/div><\/div>\n<\/div><\/div><\/div>\n","protected":false},"excerpt":{"rendered":"","protected":false},"author":1,"featured_media":0,"parent":0,"menu_order":0,"comment_status":"closed","ping_status":"closed","template":"","meta":{"kk_blocks_editor_width":"","_kiokenblocks_attr":"Cabin,Poppins,Roboto","_kiokenblocks_dimensions":"","footnotes":""},"class_list":["post-309","page","type-page","status-publish","hentry","entry"],"_links":{"self":[{"href":"https:\/\/www.medinow.it\/index.php?rest_route=\/wp\/v2\/pages\/309","targetHints":{"allow":["GET"]}}],"collection":[{"href":"https:\/\/www.medinow.it\/index.php?rest_route=\/wp\/v2\/pages"}],"about":[{"href":"https:\/\/www.medinow.it\/index.php?rest_route=\/wp\/v2\/types\/page"}],"author":[{"embeddable":true,"href":"https:\/\/www.medinow.it\/index.php?rest_route=\/wp\/v2\/users\/1"}],"replies":[{"embeddable":true,"href":"https:\/\/www.medinow.it\/index.php?rest_route=%2Fwp%2Fv2%2Fcomments&post=309"}],"version-history":[{"count":60,"href":"https:\/\/www.medinow.it\/index.php?rest_route=\/wp\/v2\/pages\/309\/revisions"}],"predecessor-version":[{"id":664,"href":"https:\/\/www.medinow.it\/index.php?rest_route=\/wp\/v2\/pages\/309\/revisions\/664"}],"wp:attachment":[{"href":"https:\/\/www.medinow.it\/index.php?rest_route=%2Fwp%2Fv2%2Fmedia&parent=309"}],"curies":[{"name":"wp","href":"https:\/\/api.w.org\/{rel}","templated":true}]}}